ts digit of f?
9
Let f(g) = g**3 + 5*g**2 - g - 2. Let t be f(-5). Suppose -1 = t*r - 7. Suppose r*w = -0*w + 2. What is the units digit of w?
1
Let h(v) = v**3 + 28*v**2 - 33*v + 22. What is the tens digit of h(-17)?
6
Let u(x) = 127*x - 246. What is the tens digit of u(21)?
2
Let x = 120 - 86. Suppose x = -3*f + 277. What is the units digit of f?
1
Let y = 456 + -143. What is the tens digit of y?
1
Suppose 2985 = 5*c - 2*w, -5*w = -4*c + c + 1810. What is the tens digit of c?
9
Let g(r) = 25*r**2 + 5*r + 3. What is the hundreds digit of g(-5)?
6
Let y = -549 + 1182. What is the tens digit of y?
3
Let p be 2/((-12)/2)*-15. Suppose b - 3 = -3*c, 3*c - 2*b + 1 + p = 0. Suppose 5*h + c*y - 18 = -y, 0 = -4*h - 3*y + 21. What is the units digit of h?
3
Suppose -14*q = -11*q + 426. Let b = q - -255. What is the units digit of b?
3
Let v(b) = -b**3 - 11*b**2 + 12*b + 2. Suppose 4*o = 4*s - 48, 4*s = -o + 8*s - 12. Let f be v(o). What is the units digit of ((-4)/8)/(f/(-76))?
9
Let b(x) = -x**2 + 14*x + 12. Let w be b(14). Let m = -10 + w. What is the units digit of (1 + m + -15)*-1?
2
Let i = -50 + 482. What is the hundreds digit of i?
4
Let g = 12 + -10. Suppose 5*d + 3 = -g. What is the tens digit of 35 + (d - -3)*-1?
3
Let p(d) = d**3 + 12*d**2 + 11*d + 12. Let u be p(-11). Let l(i) = -i**2 + 11*i + 25. What is the units digit of l(u)?
3
Let h(y) = -8*y**2 - 10*y - 15. Let j be h(-6). Let u = -166 - j. Suppose -3*w + 55 = -u. What is the units digit of w?
4
Suppose -5*p + 1 = -4*i - 2, -4*i - 6 = -2*p. What is the units digit of ((-41)/2 - -2)*i?
7
Let c = -35 - -28. Let w be c/((-21)/(-18)) - -4. What is the units digit of w/11 + (-5384)/(-88)?
1
What is the hundreds digit of ((-192)/18)/(8/(-420))?
5
What is the tens digit of 1 + 242 - (11 - 99/11)?
4
Let m(g) = 7*g**3 + 4*g**2 - 2*g + 3. Let k be m(3). Suppose -159 = -2*d - f, -3*d + 3*f + k = -f. Let y = d + -51. What is the tens digit of y?
2
Let q = 14 - 12. Suppose q = -2*z, 0 = 5*k + 4*z - 13 - 13. Let o(n) = n**2 - 6*n + 4. What is the units digit of o(k)?
4
Suppose -4641 = -70*d + 67*d. What is the thousands digit of d?
1
Suppose -5*u - f + 12 = -3, -3*f = -3*u - 9. Suppose o = -3*p + 623, u*p - 5*o = 91 + 330. What is the tens digit of p?
0
Suppose -8 = -4*o, 2*i - 5 = -o + 9. Let v = -4 + i. Suppose -1 = -v*f + 17. What is the units digit of f?
9
Let k = 29 - -33. Let u = 18 + k. Let j = u - 56. What is the tens digit of j?
2
Let j be ((-12)/9)/(4/(-6)). Suppose j*s + 1 = -7. What is the units digit of (10/s)/((-1)/6)?
5
Suppose 2*u = -3*u + 230. Suppose -m - u = -232. Suppose -9*x = -3*x - m. What is the units digit of x?
1
Suppose -3*v + 5 = -1. Suppose -3 = v*l - l, w - l = 8. Suppose 0*m = 5*m - w*s - 35, 5*m - 4*s = 37. What is the units digit of m?
9
Let x = 23 + -19. Suppose -9*g = -x*g - 25. What is the units digit of g?
5
Let s(h) be the first derivative of 7*h + 5*h**3 - 1/4*h**4 - 3 - 13/2*h**2. What is the tens digit of s(14)?
2
Let v = -3 - -12. Let a be (3 + -4)/((-1)/2*-1). Let m = v + a. What is the units digit of m?
7
Let k(t) = t**3 - 9*t**2 + 14*t + 3. Let d be k(6). What is the tens digit of (10*4 + 1)*(-147)/d?
8
Let c = -40 + 62. Let a be ((-9)/(-6))/((-3)/16). Let f = a + c. What is the tens digit of f?
1
Suppose 4*z = -5*i - 13, 5*i = 5*z - 2 - 38. Suppose -561 + 117 = -z*k. What is the hundreds digit of k?
1
What is the thousands digit of (-22)/(-55)*-10 - -4149?
4
Let a(i) = -i**3 + 14*i**2 - 12*i + 21. Let u be a(13). What is the tens digit of (-992)/(-11) + u/(-187)?
9
What is the thousands digit of (13205/(-10))/((-5)/(-10)*-1)?
2
Let q = -5 - -43. Suppose d + d = -q. Let x = 42 + d. What is the units digit of x?
3
Suppose 7*u - 144 = -11. What is the tens digit of u?
1
What is the tens digit of ((-888)/18 - -4)*60/(-8)?
4
Let k be 2/(-7) - 596/(-28). Let c = k - 10. Suppose -c*v + 111 = -8*v. What is the units digit of v?
7
Let k = 58 + -54. Suppose 4*j = -k, 2*f + 4*j = -3*f + 21. What is the units digit of f?
5
Let l(u) = u**3 - 18*u**2 - u + 21. Let f be l(18). Let h(x) = 19*x - 9. What is the tens digit of h(f)?
4
Suppose 0 = 8*b - 41*b + 50655. What is the hundreds digit of b?
5
Suppose -3*l + 4*m = 2*m + 2, -4*l - 4*m = -24. Suppose -l*b - 3*k = 3*b - 229, 6 = -3*k. Suppose -p = -0*p - b. What is the units digit of p?
7
Let s(r) = -106*r**3 - 8*r**2 - 17*r + 3. What is the hundreds digit of s(-2)?
8
Let a(p) = -675*p - 10. What is the units digit of a(-1)?
5
Suppose -3*w + 2301 = -3*f, -1502 = -4*w - 5*f + 1548. What is the tens digit of w?
6
Suppose 2 = 2*g, -11*g + 16*g = 5*n - 480. What is the tens digit of n?
9
Let p = -163 + 252. Suppose -4*d + 95 = -p. What is the units digit of d?
6
Let t(k) = 2*k**3 - 4*k**2 + 3*k - 3. Let p(m) = -m**3 - 12*m**2 - 9*m - 6. Let g be p(-11). Let v be 1/7 + (-80)/g. What is the tens digit of t(v)?
2
Let j(d) = 2*d**2 - 11*d + 14. Let r = 49 - 19. Let s = r + -24. What is the tens digit of j(s)?
2
Suppose 3*c + t + 3*t + 118 = 0, -t + 235 = -5*c. Let y(k) = 2*k**2 - 2*k - 7. Let a be y(-6). Let x = c + a. What is the units digit of x?
1
Let g be (6/(-4))/3*-82. Let m = 85 - g. What is the units digit of m?
4
Let k be (-3 + 52/24)*(0 + -6). Suppose k*t + 50 = 6*t. What is the tens digit of t?
5
Let y(c) = -3*c**3 - 198*c**2 - 12*c + 64. What is the hundreds digit of y(-66)?
8
Let o = -425 - -281. Let c = -820 + 840. What is the tens digit of c/(-6)*o/15?
3
Let c be 24/(-9)*(-18)/8. Suppose c*j - 11*j = -310. What is the units digit of j?
2
Suppose -39*z = -52*z + 14144. What is the thousands digit of z?
1
Let h = -31 + 141. Suppose 3*p - h = 190. What is the hundreds digit of p?
1
Let j(y) = -y**2 + 10*y + 44. Suppose 15 = -2*w - 3*k, 5*w - 2*k + 7*k + 25 = 0. What is the units digit of j(w)?
4
Let b(w) = w**3 - 5*w**2 + 5*w - 2. Let v be b(4). Let k = -99 + 123. Suppose -m + k = m + v*a, -m + 6 = -5*a. What is the units digit of m?
1
Let g = 50 - 73. Let c = 116 + g. What is the units digit of c?
3
Suppose 5*v - 6195 = 4*c, -4*c + 3*c - 5 = 0. What is the units digit of v?
5
Suppose 3*c - r = 2017, -4*c = -c - 4*r - 2002. Suppose 4*n = -5*w - 95 + 1169, -3*w + 5*n = -c. What is the tens digit of w?
1
Let s(i) = 80*i**2 - 8*i + 11. What is the tens digit of s(2)?
1
Let g(t) = -3*t**3 + 13*t**2 + 6*t + 6. What is the units digit of g(-4)?
2
Let j(z) = 2*z - 22. Let u be j(12). Suppose -5*n = u*t - 446, 7*n - 364 = 3*n - 4*t. What is the units digit of n?
8
What is the hundreds digit of 1450/8 - 145/116?
1
Let p(h) = 6*h**2 - 26*h + 6. What is the hundreds digit of p(8)?
1
Suppose -62070 = 9*h - 39*h. What is the thousands digit of h?
2
Let h(v) = -v**3 - 9*v**2 - 6*v. Let a be h(-10). Let w = -102 + a. What is the tens digit of w?
5
What is the thousands digit of (-1 + -65)/(18620/(-1160) + 16)?
1
Let o(v) = -v - 8. Let k be (-2 + (-1 - 1))*2. Let h be o(k). Suppose 3*s - 47 = -4*j - h*j, 0 = 3*s + 2*j - 55. What is the tens digit of s?
2
Let t(d) = d**2 - 11*d - 103. What is the hundreds digit of t(-15)?
2
Let p(q) = 8*q - 7. Let y be p(5). Let f be (y/55)/(1/5). Suppose 0 = f*h - 6. What is the units digit of h?
2
Let u = 194 - 85. Let x = u - -19. What is the hundreds digit of x?
1
Let t be (-1 + -9)*32/(-10). Let s = -27 + t. Suppose s*o + 5*n - 185 = 0, 4*o + 2*n - 137 = 13. What is the tens digit of o?
3
What is the tens digit of (206/(-8))/(4 - 2116/528)?
9
Let i = -64 - -183. Let c = -72 + i. What is the tens digit of c?
4
Suppose -56 = -w + 5*w. What is the tens digit of w*(45/(-6))/5?
2
Suppose -h + 473 = -315. What is the hundreds digit of h?
7
Let m = 833 + -3. What is the tens digit of m?
3
Suppose -2278 = -3*z - 436. What is the units digit of z/9 + 8/(-36)?
8
Let q(s) = -58*s**3 - 2*s + 2. Let r be q(-2). Suppose 4*z - g = r, -z + 5*g + 49 = -78. What is the tens digit of z?
1
Let u(w) = -9*w + 10. Let d be u(12). Let l = d - -158. What is the units digit of l?
0
Suppose -441 = -c + 40. What is the units digit of c?
1
Let p(c) = -2*c**2 - 2*c - 2. Let h(d) = -13*d**2 + 15*d**2 - 5*d + 3*d + 3*d + 2. Let y(b) = -5*h(b) - 6*p(b). What is the tens digit of y(-5)?
1
Suppose -2277 = 33*a - 19305. What is the tens digit of a?
1
Suppose 3*n - g - 199 = 0, 4*n + 0*g - 267 = g. What is the tens digit of